{"id":995,"date":"2025-11-05T09:29:36","date_gmt":"2025-11-05T08:29:36","guid":{"rendered":"https:\/\/humandesignshop.pl\/?post_type=product&#038;p=995"},"modified":"2026-03-26T17:37:20","modified_gmt":"2026-03-26T16:37:20","slug":"plakat-twoj-design-white-minimalistic-personalizowany-chart","status":"publish","type":"product","link":"https:\/\/humandesignshop.pl\/index.php\/produkt\/plakat-twoj-design-white-minimalistic-personalizowany-chart\/","title":{"rendered":"Plakat Human Design &#8211; White Minimalistic (Personalizowany Chart)"},"content":{"rendered":"<p>Tw\u00f3j Design w czystej, minimalistycznej formie. Indywidualny wykres Human Design z informacjami o 8-miu G\u0142\u00f3wnych Aspektach na jasnym tle. Klasyczny design i subtelno\u015b\u0107 tego plakatu podkre\u015blaj\u0105 harmoni\u0119, a zarazem moc p\u0142yn\u0105c\u0105 z Twojej unikalno\u015bci. Idealny dla mi\u0142o\u015bnik\u00f3w prostoty, \u015bwiat\u0142a i estetycznej r\u00f3wnowagi. Nasze plakaty \u0142\u0105cz\u0105 klasyczny j\u0119zyk Human Design z elementami systemu BG5 \u2013 Human Design w Biznesie i Karierze, dzi\u0119ki czemu staj\u0105  si\u0119 jeszcze bardziej praktyczne i unikatowe.<\/p>\n<p style=\"font-family: 'Chivo';color: #0b3147;text-transform: uppercase\">Wype\u0142nij formularz, aby spersonalizowa\u0107 produkt. Zamawiasz go jako prezent? Pami\u0119taj, aby poda\u0107 dane obdarowywanej osoby!<\/p>\n","protected":false},"excerpt":{"rendered":"<p>Minimalizm, harmonia i si\u0142a Twojego Designu. Klasyczny plakat w bieli z Twoim indywidualnym wykresem.<\/p>\n<p>Wysokiej jako\u015bci plakat drukowany na satynowym papierze o gramaturze 140 g, gwarantuj\u0105cym trwa\u0142o\u015b\u0107 i eleganckie wyko\u0144czenie. Idealnie sprawdzi si\u0119 jako dekoracja wn\u0119trza, zapewniaj\u0105c \u017cywe kolory i \u015bwietn\u0105 ostro\u015b\u0107 detali.<\/p>\n","protected":false},"featured_media":1609,"comment_status":"open","ping_status":"closed","template":"","meta":[],"product_brand":[],"product_cat":[23],"product_tag":[],"class_list":{"0":"post-995","1":"product","2":"type-product","3":"status-publish","4":"has-post-thumbnail","6":"product_cat-plakaty","8":"first","9":"instock","10":"taxable","11":"shipping-taxable","12":"purchasable","13":"product-type-variable","14":"has-default-attributes"},"jetpack_sharing_enabled":true,"_links":{"self":[{"href":"https:\/\/humandesignshop.pl\/index.php\/wp-json\/wp\/v2\/product\/995","targetHints":{"allow":["GET"]}}],"collection":[{"href":"https:\/\/humandesignshop.pl\/index.php\/wp-json\/wp\/v2\/product"}],"about":[{"href":"https:\/\/humandesignshop.pl\/index.php\/wp-json\/wp\/v2\/types\/product"}],"replies":[{"embeddable":true,"href":"https:\/\/humandesignshop.pl\/index.php\/wp-json\/wp\/v2\/comments?post=995"}],"wp:featuredmedia":[{"embeddable":true,"href":"https:\/\/humandesignshop.pl\/index.php\/wp-json\/wp\/v2\/media\/1609"}],"wp:attachment":[{"href":"https:\/\/humandesignshop.pl\/index.php\/wp-json\/wp\/v2\/media?parent=995"}],"wp:term":[{"taxonomy":"product_brand","embeddable":true,"href":"https:\/\/humandesignshop.pl\/index.php\/wp-json\/wp\/v2\/product_brand?post=995"},{"taxonomy":"product_cat","embeddable":true,"href":"https:\/\/humandesignshop.pl\/index.php\/wp-json\/wp\/v2\/product_cat?post=995"},{"taxonomy":"product_tag","embeddable":true,"href":"https:\/\/humandesignshop.pl\/index.php\/wp-json\/wp\/v2\/product_tag?post=995"}],"curies":[{"name":"wp","href":"https:\/\/api.w.org\/{rel}","templated":true}]}}